-3*w + 36, -35 = -2*c + j*w + 1. What is the remainder when c is divided by 10?
8
Suppose -8 + 0 = -4*f. Let a = f + 17. What is the remainder when a is divided by 10?
9
Let y(b) be the first derivative of b**3/3 + 46*b + 2. Suppose -5*a + 3*s = -4*a - 4, 2*a = -4*s + 48. What is the remainder when y(0) is divided by a?
14
Let n = -5 + 15. Let y(z) = -z**2 + 16*z - 9. Calculate the remainder when y(12) is divided by n.
9
Let m = 3 + -1. Let f(d) = 2*d**3 - 2*d**2 + 2*d - 2. Let t be f(m). Suppose t = 4*u + u. What is the remainder when u is divided by 2?
0
What is the remainder when 31 is divided by (-90)/(-75)*2/((-8)/(-10))?
1
Suppose 6*j = 314 + 88. Calculate the remainder when j is divided by 10.
7
Let f(g) = -11*g - 5. Let k = 6 + 34. Calculate the remainder when f(-4) is divided by 30/k - (-53)/4.
11
Let o = -2 + 2. Let d(g) = -g + 13. Calculate the remainder when d(o) is divided by -1 + (-38)/(-4) + 87/(-58).
6
Suppose z - 69 = 18. Suppose -32*d + 133 = -571. Calculate the remainder when z is divided by d.
21
Suppose 4*f + 3*y = 64, f + 3*f - 4*y = 64. Calculate the remainder when f is divided by 8.
0
Let o(d) = -d**2 - 9*d. Suppose 24 = -7*x + 3*x. Let m be o(x). Let w = 58 - m. Calculate the remainder when w is divided by 14.
12
Let m be (-3 - (-1 - 1)) + 8. Suppose -m*k + 3*k = -12. What is the remainder when 3 is divided by k?
0
Let j be (0 - 4)*(-4 - -5). Let v(g) = 3*g**2 + 4*g. Let p be v(j). Suppose -3*o = d - p, 2*d = o - 0*d - 20. What is the remainder when 22 is divided by o?
10
Let l be (2 - 4) + (-1 - -48). Suppose 2*n - 135 = l. Calculate the remainder when n is divided by 23.
21
Suppose q - 15 = 5*h, -8*q + 75 = -3*q - 2*h. Calculate the remainder when 72 is divided by q.
12
Calculate the remainder when 81 is divided by (55/10 - 2)/(3/12).
11
Let u = -10 - -1. Let d = u + 20. Calculate the remainder when 21 is divided by d.
10
Let b = 11 - 8. What is the remainder when b is divided by 22/8 + 6/(-8)?
1
Let p(s) = -s**3 + 4*s**2 + 6*s + 2. Let f be p(5). Let m = 1 + f. Calculate the remainder when 12 + 0 + 3/1 is divided by m.
7
Suppose -2*m = -7*m + 100. Suppose l = 27 + m. Suppose 2*z = z + l. What is the remainder when z is divided by 12?
11
What is the remainder when 1/(-2) + 285/6 is divided by 10?
7
Let s = 44 - 38. Let o(p) be the third derivative of p**4/12 - p**3/3 + p**2. Calculate the remainder when s is divided by o(3).
2
Let f = -11 - -11. Suppose k - 4 = -f*k. Calculate the remainder when 13 is divided by k.
1
Suppose 0 = 2*h, -11*h + 100 = 4*c - 7*h. What is the remainder when 372 is divided by c?
22
Let g = 36 - 20. Calculate the remainder when 61 is divided by g.
13
Calculate the remainder when (16/(-20))/(2*(-2)/10) is divided by 1.
0
Let c(a) = 5*a**2 - 7*a + 10 - 6*a**2 + 0*a**2. Calculate the remainder when 17 is divided by c(-7).
7
Suppose -4*w + 9 = -w. Suppose 6 = 2*g - h - 0*h, g = w*h + 3. What is the remainder when g is divided by 2?
1
Suppose a - 3*w - 3 = 1, 2*a + 3*w - 26 = 0. Let t = -5 + a. Suppose 19 = 4*o - t. What is the remainder when 17 is divided by o?
5
Let g(s) = -7*s - 3 + 10*s + 6*s. What is the remainder when g(2) is divided by 8?
7
Let y = 3 + 8. Calculate the remainder when 52 is divided by y.
8
Suppose 6*l - 2*l - 20 = 0. Suppose 14 + 56 = l*r. Calculate the remainder when 27 is divided by r.
13
Suppose 100 = 2*f + 3*f. Let m = f - 8. What is the remainder when 47 is divided by m?
11
Let m = -3 + 3. Let h = 7 + m. What is the remainder when 20 is divided by h?
6
Let z = 239 + -122. What is the remainder when z is divided by 30?
27
Calculate the remainder when 388/13 + 8/52 is divided by 11.
8
Let j = 17 - 9. Let d = 13 - j. Suppose -6*m + m + 70 = 0. What is the remainder when m is divided by d?
4
Let q(l) = l**2 - 10*l + 5. Suppose m - 14 = y, 2*y + 40 = 5*m + 3*y. Let o be q(m). Let v = -2 - o. What is the remainder when 3 is divided by v?
1
Let c(i) = -i**3 + 5*i**2 + 7*i - 2. Let t = -4 - -4. Suppose -5*h + 4*r + 46 = t, 15 = 2*h - 9*r + 4*r. What is the remainder when h is divided by c(6)?
2
Let o(z) = z + 7. What is the remainder when o(-4) is divided by 2?
1
Suppose l + 0*l = 3. Suppose 5*w + 5*q = 55, -q = l*w - 3*q - 28. Let a = -52 - -81. Calculate the remainder when a is divided by w.
9
Let n(m) = -m**3 + 4*m**2 + 8*m - 6. Let d(l) = l**3 - 8*l**2 - 10*l + 34. Calculate the remainder when d(9) is divided by n(5).
7
Let a(v) = v + 24. Calculate the remainder when a(-7) is divided by 7.
3
What is the remainder when -120*(63/(-15) + 1 + 2) is divided by 51?
42
Let a be 4/(-18) - (-164)/9. Let u = -2 - -4. Suppose u*p - 18 = a. Calculate the remainder when 53 is divided by p.
17
Suppose -3*a = -8*a - 20. Let b = a + 4. Suppose -2*s - s + 24 = b. What is the remainder when s is divided by 3?
2
Suppose 4*a + 0*y = -y - 52, -4*y = -a - 30. Let n = a + 54. Suppose v + 104 = 5*r, 2*v + 53 = 4*r - 29. What is the remainder when n is divided by r?
19
Let d = -11 - -33. What is the remainder when 65 is divided by d?
21
Let f(r) = 4*r**2 + r + 4. Calculate the remainder when f(3) is divided by 2 + 16 - (-32 + 35).
13
Let x = 3 - 1. Suppose 6 = -0*c + x*c. Suppose -4*q + c*m = -92 - 15, 3*m + 136 = 5*q. Calculate the remainder when q is divided by 8.
5
What is the remainder when 1145/40*2 + (-6)/(-8) is divided by 30?
28
Let o = 5 + -13. Let w(t) = t**2 + 5*t - 10. Calculate the remainder when 25 is divided by w(o).
11
Let r = 8 - -10. Let x be (1*39)/(-1)*-1. Suppose -4*j = -2*o + x + 51, 3*j + 15 = 0. What is the remainder when o is divided by r?
17
Let c(j) = -j**3 + j**2 - 2. Let y be c(-2). Let v = 13 + y. What is the remainder when v is divided by 12?
11
Let u(q) = 5*q**2 - 5*q + 4. Let s(v) = -v + 17. Let w be s(15). What is the remainder when u(w) is divided by 4?
2
Suppose -y + 4*r = -15, -5*y + 63 = -3*r - 12. Calculate the remainder when 88 is divided by y.
13
Suppose 5*a = 75 - 20. What is the remainder when 19 is divided by a?
8
Suppose -3*h = -4*u - 0*u - 24, h = 4. What is the remainder when 13 is divided by (-3 - -1)/(-2) - u?
1
Suppose 0 = f + z - 18, -3*z + z - 15 = -f. Calculate the remainder when f is divided by 7.
3
Let i(d) = -1 + 10*d**2 + 1 - d**3 + 2*d + 0*d**3 + 1. What is the remainder when i(10) is divided by 11?
10
Let t(i) = i**3 - 2*i**2 - 5*i - 1. Calculate the remainder when 43 is divided by t(4).
10
Suppose -h + 60 = 5*h. Suppose -90 = -2*o - 3*o. Calculate the remainder when o is divided by h.
8
Let x = 31 + -19. Calculate the remainder when 23 is divided by x.
11
What is the remainder when (4/(-8))/((-2)/184) is divided by 16?
14
Let a(b) = -11*b - 59. What is the remainder when a(-7) is divided by 11?
7
Let f be 2/(-4) + 1/2. Suppose f = c + 2*c - 21. Suppose 2*a - 5*r - 5 + c = 0, -5*a = -3*r - 14. What is the remainder when 7 is divided by a?
3
Let q(s) = 3*s**2 - 2*s - 9. Calculate the remainder when 90 is divided by q(4).
28
Let n(q) = q**3 - 4*q**2 + 4*q - 2. Calculate the remainder when 3 is divided by n(3).
0
Let m(b) = -2*b + 1. Let v(j) = j - 1. Let u(z) = 3*m(z) + 4*v(z). What is the remainder when 20 is divided by u(-6)?
9
Let s(j) = 5*j + 6. Let f be s(5). Suppose -b + l = -7, -b - 3*l - f = -6*b. Calculate the remainder when 13 is divided by b.
3
Let m be (-1 - 0) + 5 + -3. Calculate the remainder when -2 - (m + (-3 - 47)) is divided by 16.
15
Let v be (-3)/(-15) - 105/25. Calculate the remainder when 5 is divided by (6/14)/(v/(-28)).
2
Let y = -2 - -26. Let c be (-5)/(-35) - (-40)/14. Suppose 3*n + 48 - 12 = 4*k, -c*n = 0. What is the remainder when y is divided by k?
6
Let z be (8 - 6)*(3 + -2). Suppose 3*y = -2*u + 42, -70 = -7*y + z*y + 5*u. What is the remainder when 39 is divided by y?
11
Let p(h) = -2*h + 8. Calculate the remainder when p(-7) is divided by 12.
10
Suppose -4*b - 2*x = -92, 0 = -4*b - 5*x + 46 + 58. Suppose -3*q = -0*q - b. Calculate the remainder when q is divided by ((-3)/2)/(2/(-4)).
1
Let i(x) = 6*x**3 - 4*x**2 + 2*x. Let z be i(2). Calculate the remainder when 22 is divided by -3*(-32)/z*3.
6
Let q(n) be the first derivative of -n**4/4 + 4*n**3/3 - 3*n + 4. What is the remainder when q(3) is divided by 3?
0
Let s(m) = 3 - 1 - 3*m + 0*m + 2*m**2 - 3. What is the remainder when 64 is divided by s(-2)?
1